{"id":18,"date":"2025-03-13T16:30:08","date_gmt":"2025-03-13T15:30:08","guid":{"rendered":"http:\/\/www.btue.de\/Wordpress\/?page_id=18"},"modified":"2025-03-13T16:43:18","modified_gmt":"2025-03-13T15:43:18","slug":"rechtsschutz","status":"publish","type":"page","link":"https:\/\/www.btue.de\/?page_id=18","title":{"rendered":"Rechtsschutz"},"content":{"rendered":"<p>Die <strong><em>bt\u00fc<\/em> <\/strong>bietet ihren Mitgliedern auf Antrag <strong>Rechtsschutz in Streitf\u00e4llen<\/strong>, die im Zusammenhang mit dem Dienst- oder Arbeitsverh\u00e4ltnis des Mitglieds stehen.<\/p>\n<p>F\u00fcr eine Hilfestellung bzw. f\u00fcr eine erste Beantwortung von rechtlichen Fragen haben wir einen eigenen <strong>Beauftragten f\u00fcr Rechtsschutz: Herrn J\u00f6rg Frimberger<br \/>\n<\/strong>\u00a0<a href=\"mailto:Joerg.Frimberger@btue.de\">Joerg.Frimberger@btue.de<\/a><\/p>\n<p>Zudem steht ein <a href=\"https:\/\/www.btue.de\/?page_id=3149\">Erkl\u00e4rvideo<\/a> zum \u00dcberblick zur Verf\u00fcgung.<\/p>\n<p>Man beantwortet gerne die einschl\u00e4gigen Fragen, bzw. leitet diese an das Dienstleistungszentrum des Bayerischer Beamtenbund e.V. (BBB) weiter.<\/p>\n<p>Im <strong>konkreten Rechtsschutzfall<\/strong> ist das Ausf\u00fcllen des Rechtsschutz-Antragsformular zwingend erforderlich: Das <strong>Rechtsschutz-Antragsformular<\/strong> gibt es unter &#8222;<em>Was muss man tun, um Rechtsschutz zu erhalten?<\/em>&#8222;, bzw. als separater Link auf\u00a0 der Seite des BBB <a href=\"https:\/\/www.bbb-bayern.de\/service\/rechtsschutz\/\" target=\"_blank\" rel=\"noopener\">Rechtsschutz &#8211; Bayerischer Beamtenbund e. V. (bbb-bayern.de)<\/a> zum Download. Unter diesem Link sind die wichtigsten Informationen zum Rechtsschutz zusammengefasst.<\/p>\n<p>Dort steht auch die <strong>Rechtsschutzordnung<\/strong> zum Download zur Verf\u00fcgung, die Aufschluss \u00fcber die Verfahrensweise im konkreten Rechtsschutzfall gibt.<\/p>\n<p>Zudem steht dort eine <strong>Checkliste f\u00fcr Rechtsschutzf\u00e4lle<\/strong> zum Download zur Verf\u00fcgung. Mit dieser Checkliste wollen die Dienstleistungszentren es Ihnen einfacher machen, die Informationen und Unterlagen, die f\u00fcr die Bearbeitung von Rechtsschutzf\u00e4llen n\u00f6tig sind, zusammenzustellen.<\/p>\n<p>F\u00fcr eine schnelle Bearbeitung ohne weitere Zwischenschritte ist es wichtig, die Unterlagen so vollst\u00e4ndig und vor allem rechtzeitig wie m\u00f6glich zusammenzustellen und zu \u00fcbermitteln.<\/p>\n<p>&nbsp;<\/p>\n<p>F\u00fcr weitere Infos ist die Adresse <a href=\"http:\/\/www.bundesarbeitsgericht.de\/\" target=\"_blank\" rel=\"noopener noreferrer\">http:\/\/www.bundesarbeitsgericht.de<\/a> oft sehr n\u00fctzlich.<\/p>\n","protected":false},"excerpt":{"rendered":"<p>Die bt\u00fc bietet ihren Mitgliedern auf Antrag Rechtsschutz in Streitf\u00e4llen, die im Zusammenhang mit dem Dienst- oder Arbeitsverh\u00e4ltnis des Mitglieds stehen. F\u00fcr eine Hilfestellung bzw. f\u00fcr eine erste Beantwortung von rechtlichen Fragen haben wir einen eigenen Beauftragten f\u00fcr Rechtsschutz: Herrn J\u00f6rg Frimberger \u00a0Joerg.Frimberger@btue.de Zudem steht ein Erkl\u00e4rvideo zum \u00dcberblick zur Verf\u00fcgung. Man beantwortet gerne die [&hellip;]<\/p>\n","protected":false},"author":1,"featured_media":0,"parent":95,"menu_order":0,"comment_status":"closed","ping_status":"closed","template":"","meta":{"footnotes":""},"class_list":["post-18","page","type-page","status-publish","hentry"],"_links":{"self":[{"href":"https:\/\/www.btue.de\/index.php?rest_route=\/wp\/v2\/pages\/18","targetHints":{"allow":["GET"]}}],"collection":[{"href":"https:\/\/www.btue.de\/index.php?rest_route=\/wp\/v2\/pages"}],"about":[{"href":"https:\/\/www.btue.de\/index.php?rest_route=\/wp\/v2\/types\/page"}],"author":[{"embeddable":true,"href":"https:\/\/www.btue.de\/index.php?rest_route=\/wp\/v2\/users\/1"}],"replies":[{"embeddable":true,"href":"https:\/\/www.btue.de\/index.php?rest_route=%2Fwp%2Fv2%2Fcomments&post=18"}],"version-history":[{"count":25,"href":"https:\/\/www.btue.de\/index.php?rest_route=\/wp\/v2\/pages\/18\/revisions"}],"predecessor-version":[{"id":3173,"href":"https:\/\/www.btue.de\/index.php?rest_route=\/wp\/v2\/pages\/18\/revisions\/3173"}],"up":[{"embeddable":true,"href":"https:\/\/www.btue.de\/index.php?rest_route=\/wp\/v2\/pages\/95"}],"wp:attachment":[{"href":"https:\/\/www.btue.de\/index.php?rest_route=%2Fwp%2Fv2%2Fmedia&parent=18"}],"curies":[{"name":"wp","href":"https:\/\/api.w.org\/{rel}","templated":true}]}}